be k(-7). Let g be d/2 + (-1)/2. What are the prime factors of (-6)/g + 30/4?
3
Suppose 85 = 2*w - 47. What are the prime factors of w?
2, 3, 11
What are the prime factors of 100 - (2 - -4 - 2)?
2, 3
Let d = 7 + -4. Let o(l) = l**2 + 7 + 3*l**2 - d*l**2 + 0 + 6*l. List the prime factors of o(-5).
2
Suppose 4*u - 2*u + 6 = 0. Let r = u - -14. What are the prime factors of r?
11
Let w(i) = i**3 - 9*i**2 + 3*i + 3. What are the prime factors of w(9)?
2, 3, 5
Let q be -3 - 0 - (0 + -3). Suppose 2*f + 3*f - 34 = -4*p, -3*f + 2*p + 38 = q. What are the prime factors of f?
2, 5
Suppose 2*n = -n - 18. What are the prime factors of (n/(-9))/(2/39)?
13
Suppose 13*q - 5*q = 344. What are the prime factors of q?
43
Let f(o) be the first derivative of o**3/3 + 3*o**2 - 4*o - 3. Let y = -4 + -3. List the prime factors of f(y).
3
Suppose -4*t = -4*o - 20, 25 = 4*o - 2*t + 7*t. Suppose 4*r + 16 = 0, 3*r + o*r = 2*b - 110. What are the prime factors of b?
7
Suppose -2*j + 164 - 20 = 0. What are the prime factors of j?
2, 3
Let z = -1 - -2. List the prime factors of 26/(-4)*-2*z.
13
Suppose -72 = -3*r - 3. What are the prime factors of r?
23
Let q(b) = -26*b + 68. What are the prime factors of q(-10)?
2, 41
Suppose 0 = -6*l + 10*l - 504. Suppose 5*r - 2*v + 4*v - 194 = 0, 3*r = 2*v + l. What are the prime factors of r?
2, 5
Suppose n - 3*n = 0, 4*n = q - 21. Let h = -8 + q. List the prime factors of h.
13
Let d(k) = -k - 2. Let y be d(0). Let w be (y - (-13)/5)*5. Suppose -4*j - w*g = -23, 3*j = -j + 5*g + 15. What are the prime factors of j?
5
What are the prime factors of (-16 - -14)*(-194)/4?
97
Suppose z - 21 = -2*s, -z - 129 = -5*z + s. What are the prime factors of z?
31
List the prime factors of -1*76*(1 + -2).
2, 19
Let t(o) be the first derivative of -o**3/3 - 5*o**2/2 + 6*o - 3. List the prime factors of t(-5).
2, 3
Suppose 2*b - 100 = -0*b. Suppose 2*o = 2*m - 38, -2*o + b = 3*m - m. What are the prime factors of m?
2, 11
Let z = 9 - 5. Suppose -4*s + z*i = -20, -17 = -3*s - i + 2*i. List the prime factors of s.
2, 3
Suppose -2 = -j + 17. Let d = -8 - j. Let q = -16 - d. What are the prime factors of q?
11
Suppose 0*k - 3 = -5*s + 4*k, -3*s - 13 = 5*k. Let i = 11 - s. What are the prime factors of i?
2, 3
Suppose 3*r - 10 = -m, -2*m - 8 = -2*r + 4. Suppose 2*z + 2*g = r + 4, 2*z - 3*g - 33 = 0. What are the prime factors of z?
3
List the prime factors of (1 - 70)/(-5 - -4).
3, 23
Let o = -32 - -146. List the prime factors of o.
2, 3, 19
Suppose -3*v + 55 = 2*l, 126 = 5*l - 7*v + 3*v. Suppose 2*y + 0*j - l = -2*j, -2*j = 5*y - 65. Let g = 25 - y. List the prime factors of g.
2, 3
Let z(n) = -n**2 + 13*n - 8. Let x be z(12). Suppose -10 = 3*k - b - 3*b, 0 = 4*k + x*b - 24. Suppose -k*d = -0*d - 34. What are the prime factors of d?
17
Suppose 5*d = -5*h + 115, -2*h = 3*d - 84 + 20. Let k = -8 + d. List the prime factors of k.
2, 5
Let o be 210/9 + 1/(-3). Let x = o - 16. Let r = -4 + x. What are the prime factors of r?
3
Let o be ((-8)/3)/(2/12). Let m = o - -30. What are the prime factors of m?
2, 7
Let s(g) = 8*g + 1. Let h = 8 + -7. List the prime factors of s(h).
3
Let n(d) = -3*d + 4*d**2 + 0*d - 3 - 2*d**3 + 3*d**3. What are the prime factors of n(-4)?
3
Let n(t) = t**2 - 4*t + 5. What are the prime factors of n(8)?
37
Suppose -7*j - 28 = -9*j. List the prime factors of j.
2, 7
Let s(r) = r**2 - 6*r + 8. Let n be s(6). Let t = n - 2. Suppose -t = -j - 0*j. What are the prime factors of j?
2, 3
Let i(m) = 9*m**3 - m**2 + 3*m - 4. List the prime factors of i(2).
2, 5, 7
Let l be ((-20)/15)/((-6)/9). List the prime factors of 3*-8*l/(-6).
2
What are the prime factors of (-71 + 0)*(8 - 9)?
71
Suppose 3*i = 0, 5*w + 0*i - 115 = -2*i. Let t = -12 + w. What are the prime factors of t?
11
Suppose -3*q = 2*l + 3, 3*l - 4*q - 38 = -0*l. Suppose b + 65 = l*b. List the prime factors of b.
13
Suppose 2*d = 3 + 7. Suppose 0 = 3*c - c - d*l + 1, -5*l = 4*c - 73. Let a = c + -7. What are the prime factors of a?
5
Suppose -m - 10 = 2*o, 5*m + 2*o = 4*o - 26. What are the prime factors of m/(-30) - 284/(-5)?
3, 19
Suppose -2*c = -3*c + 3*a + 8, -2*c = -3*a - 25. Suppose c + 7 = f. What are the prime factors of (-32)/f*6/(-4)?
2
Let v(t) = -t - 7. Let o be v(-6). What are the prime factors of ((-34)/1)/o + 2?
2, 3
Let l = 4 + -2. Suppose 0 = -3*g + 2*d + 6 - 0, 14 = l*g + 2*d. What are the prime factors of g?
2
Let w(m) = -m + 7. Let d be w(5). Suppose -f + d*p = 7, 0*f = -f - 2*p + 5. Let i = 3 + f. What are the prime factors of i?
2
Suppose 3*m + 12 = m. Let q = m + 4. List the prime factors of ((-3)/q)/(6/40).
2, 5
Let s(m) = 14*m - 9. Let f be s(6). Suppose c + 2*c - f = 0. What are the prime factors of c?
5
Suppose 4*x = 8*x - 12. Let m = 1 - 1. Suppose n = -4*p - 9, x*n - 3*p - 24 - 9 = m. What are the prime factors of n?
7
Let y = 1 - 2. Let d be y/(-3) - (-12)/18. Let i = d + 8. List the prime factors of i.
3
Let t = 0 - -116. What are the prime factors of t?
2, 29
Suppose -u + 4 = -m - 2, 4*m - 1 = -u. Suppose -n - 32 = -u*n. Suppose -3*d + 3*q = -6, 4*d - 5*q + 1 - n = 0. List the prime factors of d.
3
Let b(f) = -f + 7. Let a be b(5). Suppose 2 = a*j - 4. What are the prime factors of j?
3
Let a = 17 + -12. Suppose d - 25 - 23 = -4*v, -a*v - 39 = -d. What are the prime factors of d?
2, 11
Let o(z) = z**2 - 7*z. Let t be o(6). List the prime factors of (34/6)/((-2)/t).
17
Suppose 0 = 11*k - 8*k - 93. List the prime factors of k.
31
Suppose 4*g = -2*h + 992, -g + h = -h - 238. List the prime factors of g.
2, 3, 41
Let b be ((-357)/14)/(6/(-16)). Suppose 2*n - b = -5*m - 7, -2*n + 3*m + 21 = 0. List the prime factors of n.
2, 3
Let r = 19 - -13. Suppose z + 5*u = r, -5 = -2*u - 3*u. What are the prime factors of z?
3
What are the prime factors of 1 + (29 - -4) - 2?
2
Let i = -5 + 4. What are the prime factors of 7 + (1 - 1) + i?
2, 3
Suppose 2*r - 5*o = 31, 3*r - 4*o - 16 - 13 = 0. Suppose 5*w - 30 = 2*p - r*p, p - 12 = -2*w. What are the prime factors of w?
2, 3
Let y(u) = -u - 1. Let q be y(-7). Let s = -4 + q. What are the prime factors of s?
2
Suppose -3*l + 3*g + 6 = 0, -4*l = -2*g + g - 5. What are the prime factors of 3 - -4*l/2?
5
Suppose 5*c = -3 + 38. What are the prime factors of c?
7
Suppose -4*s = -5*w + 483, -3*w + 3*s - 13 = -301. List the prime factors of w.
3, 11
Suppose -5*j + 1447 - 367 = 0. What are the prime factors of j?
2, 3
Let v(t) = -26*t + 51. What are the prime factors of v(-7)?
233
Let j = 11 - 15. Let i be j/(4/(-3))*1. Suppose -2*s = 6, p - i - 25 = 4*s. What are the prime factors of p?
2
Let s(t) = -3*t**3 - t**2 - t. Let w be s(-1). Suppose 5 = w*r + 4*k, 0*r = -2*r - k + 5. What are the prime factors of r?
3
Let j(u) = 1 + 0 + u - 2. Let a be 12 - ((0/1)/4)/2. What are the prime factors of j(a)?
11
Suppose 0 = -k + 6*k - d - 892, d + 714 = 4*k. List the prime factors of k.
2, 89
Suppose 5*l + u + 379 = 1594, l - 252 = -2*u. What are the prime factors of l?
2, 11
Let j be 1 + (-1 - -3 - -97). Suppose -4*x = 4*l - j, -5*x + 0*l = -2*l - 118. Suppose -3*v + 2*b + x = -2*b, -5*v + 23 = -b. List the prime factors of v.
2
Suppose 8*a = 4*a + 12. Suppose 0 = -4*l + 2*p + 80, 2*l = 4*l + a*p - 48. Suppose -l - 5 = -2*i. What are the prime factors of i?
13
Let f(q) = q**2 + 4*q + 83. What are the prime factors of f(0)?
83
Let x be 4/22 + 8/(-44). Suppose 0 = -x*n + 3*n - 15. What are the prime factors of ((-18)/15)/((-1)/n)?
2, 3
Let s be (-18)/3*(-2)/(-3). What are the prime factors of (-48)/(-9) - s/6?
2, 3
Suppose -3*l + 137 = -13. List the prime factors of l.
2, 5
Suppose i + i - 4 = 0. Suppose 0 = -i*h + 3*h - 6. What are the prime factors of h?
2, 3
Let y(x) = -1. Let i(p) = -3*p + 7. Let s(q) = i(q) - y(q). Let u be s(-7). Suppose u = 3*g - 4*o, 0 = -g + 3*o + 21 - 8. What are the prime factors of g?
7
List the prime factors of (-13)/((-1 - -1) + -1).
13
Let t(o) = o - 1. Let a(l) = -3*l - 7. Let j(m) = -a(m) - 4*t(m). List the prime factors of j(-9).
2, 5
Let o = -3 + 3. Suppose o = -4*r - 14 + 98. List the prime factors of r.
3, 7
Suppose -3 = -p + 4*n, 5*p + 5 = p - n. Let c be (-6)/(-2) + 0 - -3. Let m = c - p. What are the prime factors of m?
7
Let c(l) = 40*l**3 - l**2 + 1. Let n be c(1). Suppose 0*p - 2*p - 5*z + 1